{"id":106,"date":"2008-06-24T17:30:36","date_gmt":"2008-06-24T15:30:36","guid":{"rendered":"http:\/\/e-business-unternehmensberatung.com\/blog\/?page_id=106"},"modified":"2011-11-10T17:29:12","modified_gmt":"2011-11-10T15:29:12","slug":"unternehmensberatung-saarbruecken","status":"publish","type":"page","link":"https:\/\/www.e-business-unternehmensberatung.com\/blog\/beratung-verzeichnis\/unternehmensberatungen\/unternehmensberatung-saarbruecken\/","title":{"rendered":"Unternehmensberatung Saarbr\u00fccken"},"content":{"rendered":"<h4>Consulting Informationen und Beratungsangebote der e-Business Unternehmensberatung und weiterer Unternehmensberater in Saarbr\u00fccken<\/h4>\n<p>.<\/p>\n<div id=\"attachment_1586\" style=\"width: 310px\" class=\"wp-caption alignleft\"><a href=\"https:\/\/www.e-business-unternehmensberatung.com\/blog\/wp-content\/uploads\/2008\/06\/Saarbruecken-Unternehmensberatungen.jpg\"><img loading=\"lazy\" decoding=\"async\" aria-describedby=\"caption-attachment-1586\" class=\"size-medium wp-image-1586\" title=\"Saarbr\u00fccken Unternehmensberatungen\" src=\"https:\/\/www.e-business-unternehmensberatung.com\/blog\/wp-content\/uploads\/2008\/06\/Saarbruecken-Unternehmensberatungen-300x199.jpg\" alt=\"Saarbr\u00fccken Unternehmensberatungen\" width=\"300\" height=\"199\" srcset=\"https:\/\/www.e-business-unternehmensberatung.com\/blog\/wp-content\/uploads\/2008\/06\/Saarbruecken-Unternehmensberatungen-300x199.jpg 300w, https:\/\/www.e-business-unternehmensberatung.com\/blog\/wp-content\/uploads\/2008\/06\/Saarbruecken-Unternehmensberatungen.jpg 425w\" sizes=\"auto, (max-width: 300px) 100vw, 300px\" \/><\/a><p id=\"caption-attachment-1586\" class=\"wp-caption-text\">Saarbr\u00fccken \u00a9 Sebastian Frenzel Fotolia<\/p><\/div>\n<p>Saarbr\u00fccken, mit etwa 175.000 Einwohnern das wirtschaftliche, politische und kulturelle Zentrum des Saarlandes. Bekannte Unternehmen aus Dienstleistung und Industrie haben in Saarbr\u00fccken ihre Adresse. So findet man hier den gr\u00f6\u00dften deutschen Direktversicherer Cosmos Direkt genauso wie die Deutschlandvertretung des Automobilherstellers Peugeot. Die HanseNet betreibt hier eines von vier Callcentern in Deutschland und Saarbr\u00fccken ist auch Heimat des Software- und Beratungsunternehmens IDS Scheer sowie der Saarstahl AG. Unternehmensberatungen finden in Saarbr\u00fccken viele mittelst\u00e4ndische Unternehmen mit kurzen Wegen ins Nachbarland Frankreich.<\/p>\n<p>Wenn Sie selbst Unternehmensberater in Saarbr\u00fccken und Umgebung sind und als Netzwerkpartner der e-Business Unternehmensberatung eine eigene erfolgreiche Pr\u00e4sentationsseite \/ Verlinkung im Bereich Unternehmensberatung Saarbr\u00fccken nutzen m\u00f6chten, lesen Sie bitte die Informationen auf unserer Seite <a title=\"Unternehmensberatung Partner  werden\" href=\"https:\/\/www.e-business-unternehmensberatung.com\/blog\/netzwerk-partner-werden\/\" target=\"_blank\">Netzwerkpartner werden<\/a>.<\/p>\n<p>Finden Sie hier weitere Ansprechpartner f\u00fcr ihre Region.<\/p>\n<p><a href=\"https:\/\/www.e-business-unternehmensberatung.com\/blog\/beratung-verzeichnis\/unternehmensberatungen\/unternehmensberatung-saarbruecken\/seo-website-optimierung-saarbruecken\/\">e-Business Unternehmensberatung Saarbr\u00fccken<\/a><\/p>\n<p><a href=\"https:\/\/www.e-business-unternehmensberatung.com\/blog\/beratung-verzeichnis\/unternehmensberatungen\/unternehmensberatung-saarbruecken\/ihk-saarbruecken\/\">IHK Saarbr\u00fccken<\/a><\/p>\n","protected":false},"excerpt":{"rendered":"<p>Consulting Informationen und Beratungsangebote der e-Business Unternehmensberatung und weiterer Unternehmensberater in Saarbr\u00fccken . Saarbr\u00fccken, mit etwa 175.000 Einwohnern das wirtschaftliche, politische und kulturelle Zentrum des Saarlandes. Bekannte Unternehmen aus Dienstleistung und Industrie haben in Saarbr\u00fccken ihre Adresse. So findet man hier den gr\u00f6\u00dften deutschen Direktversicherer Cosmos Direkt genauso wie die Deutschlandvertretung des Automobilherstellers Peugeot. Die [&hellip;]<\/p>\n","protected":false},"author":1,"featured_media":0,"parent":23,"menu_order":41,"comment_status":"open","ping_status":"open","template":"","meta":{"_monsterinsights_skip_tracking":false,"_monsterinsights_sitenote_active":false,"_monsterinsights_sitenote_note":"","_monsterinsights_sitenote_category":0,"footnotes":""},"class_list":["post-106","page","type-page","status-publish","hentry"],"aioseo_notices":[],"_links":{"self":[{"href":"https:\/\/www.e-business-unternehmensberatung.com\/blog\/wp-json\/wp\/v2\/pages\/106","targetHints":{"allow":["GET"]}}],"collection":[{"href":"https:\/\/www.e-business-unternehmensberatung.com\/blog\/wp-json\/wp\/v2\/pages"}],"about":[{"href":"https:\/\/www.e-business-unternehmensberatung.com\/blog\/wp-json\/wp\/v2\/types\/page"}],"author":[{"embeddable":true,"href":"https:\/\/www.e-business-unternehmensberatung.com\/blog\/wp-json\/wp\/v2\/users\/1"}],"replies":[{"embeddable":true,"href":"https:\/\/www.e-business-unternehmensberatung.com\/blog\/wp-json\/wp\/v2\/comments?post=106"}],"version-history":[{"count":0,"href":"https:\/\/www.e-business-unternehmensberatung.com\/blog\/wp-json\/wp\/v2\/pages\/106\/revisions"}],"up":[{"embeddable":true,"href":"https:\/\/www.e-business-unternehmensberatung.com\/blog\/wp-json\/wp\/v2\/pages\/23"}],"wp:attachment":[{"href":"https:\/\/www.e-business-unternehmensberatung.com\/blog\/wp-json\/wp\/v2\/media?parent=106"}],"curies":[{"name":"wp","href":"https:\/\/api.w.org\/{rel}","templated":true}]}}