{"id":26,"date":"2008-06-23T23:46:38","date_gmt":"2008-06-23T21:46:38","guid":{"rendered":"http:\/\/e-business-unternehmensberatung.com\/blog\/?page_id=26"},"modified":"2011-03-02T20:38:23","modified_gmt":"2011-03-02T18:38:23","slug":"unternehmensberatung-bad-homburg","status":"publish","type":"page","link":"https:\/\/www.e-business-unternehmensberatung.com\/blog\/beratung-verzeichnis\/unternehmensberatungen\/unternehmensberatung-bad-homburg\/","title":{"rendered":"Unternehmensberatung Bad Homburg"},"content":{"rendered":"<h4>Consulting Informationen und Beratungsangebote der e-Business Unternehmensberatung und weiterer Unternehmensberater in Bad Homburg<\/h4>\n<p>Bad Homburg, die Kreisstadt des Hochtaunuskreise in Hessen z\u00e4hlt mit nur ca. 50.000 Einwohner eher zu den kleinen Standorten und verf\u00fcgt deshalb auch nur \u00fcber eine begrenzte Zahl an Unternehmen. Nichts desto trotz ist Bad Homburg die Heimat einiger Unternehmensberatung, was sicherlich auch an der Attraktivit\u00e4t der Lage und die Anbindung zum nahe gelegenen Frankfurt am Main liegt. Dies hat sicherlich auch dazu beigetragen das die Immobilienpreise in Bad Homburg zu den h\u00f6chsten in ganz Deutschland z\u00e4hlen. Neben Fresenius als gro\u00dfer Anbieter f\u00fcr Gesundheitsleistungen und Produkte findet man in Bad Homburg eine hohe Zahl an Finanzdienstleistern bzw. auch Verm\u00f6gensverwaltern und Beteiligungsgesellschaften. Diese Verbindung von Kapital und Wirtschaft macht Bad Homburg auch f\u00fcr Unternehmensberater zu einem attraktiven Standort.<\/p>\n<p>Wenn Sie selbst Unternehmensberater in Bad Homburg und Umgebung sind und als  Netzwerkpartner der e-Business Unternehmensberatung eine eigene  erfolgreiche Pr\u00e4sentationsseite \/ Verlinkung im Bereich  Unternehmensberatung Bad Homburg nutzen m\u00f6chten, lesen Sie bitte die  Informationen auf unserer Seite <a title=\"Unternehmensberatung Partner  werden\" href=\"https:\/\/www.e-business-unternehmensberatung.com\/blog\/netzwerk-partner-werden\/\" target=\"_blank\">Netzwerkpartner werden<\/a>.<\/p>\n<p>Finden Sie hier weitere Ansprechpartner f\u00fcr ihre Region.<\/p>\n<p><a title=\"Internet Marketing Beratung Bad Homburg\" href=\"https:\/\/www.e-business-unternehmensberatung.com\/blog\/beratung-verzeichnis\/unternehmensberatungen\/unternehmensberatung-bad-homburg\/internet-marketing-beratung-bad-homburg\/\">e-Business Unternehmensberatung Bad Homburg<\/a><\/p>\n<p><a href=\"https:\/\/www.e-business-unternehmensberatung.com\/blog\/beratung-verzeichnis\/unternehmensberatungen\/unternehmensberatung-bad-homburg\/ihk-bad-homburg\/\">IHK Bad Homburg<\/a><\/p>\n","protected":false},"excerpt":{"rendered":"<p>Consulting Informationen und Beratungsangebote der e-Business Unternehmensberatung und weiterer Unternehmensberater in Bad Homburg Bad Homburg, die Kreisstadt des Hochtaunuskreise in Hessen z\u00e4hlt mit nur ca. 50.000 Einwohner eher zu den kleinen Standorten und verf\u00fcgt deshalb auch nur \u00fcber eine begrenzte Zahl an Unternehmen. Nichts desto trotz ist Bad Homburg die Heimat einiger Unternehmensberatung, was sicherlich [&hellip;]<\/p>\n","protected":false},"author":1,"featured_media":0,"parent":23,"menu_order":3,"comment_status":"open","ping_status":"open","template":"","meta":{"_monsterinsights_skip_tracking":false,"_monsterinsights_sitenote_active":false,"_monsterinsights_sitenote_note":"","_monsterinsights_sitenote_category":0,"footnotes":""},"class_list":["post-26","page","type-page","status-publish","hentry"],"aioseo_notices":[],"_links":{"self":[{"href":"https:\/\/www.e-business-unternehmensberatung.com\/blog\/wp-json\/wp\/v2\/pages\/26","targetHints":{"allow":["GET"]}}],"collection":[{"href":"https:\/\/www.e-business-unternehmensberatung.com\/blog\/wp-json\/wp\/v2\/pages"}],"about":[{"href":"https:\/\/www.e-business-unternehmensberatung.com\/blog\/wp-json\/wp\/v2\/types\/page"}],"author":[{"embeddable":true,"href":"https:\/\/www.e-business-unternehmensberatung.com\/blog\/wp-json\/wp\/v2\/users\/1"}],"replies":[{"embeddable":true,"href":"https:\/\/www.e-business-unternehmensberatung.com\/blog\/wp-json\/wp\/v2\/comments?post=26"}],"version-history":[{"count":0,"href":"https:\/\/www.e-business-unternehmensberatung.com\/blog\/wp-json\/wp\/v2\/pages\/26\/revisions"}],"up":[{"embeddable":true,"href":"https:\/\/www.e-business-unternehmensberatung.com\/blog\/wp-json\/wp\/v2\/pages\/23"}],"wp:attachment":[{"href":"https:\/\/www.e-business-unternehmensberatung.com\/blog\/wp-json\/wp\/v2\/media?parent=26"}],"curies":[{"name":"wp","href":"https:\/\/api.w.org\/{rel}","templated":true}]}}