{"id":276,"date":"2008-12-02T19:18:48","date_gmt":"2008-12-02T17:18:48","guid":{"rendered":"http:\/\/www.e-business-unternehmensberatung.com\/blog\/?page_id=276"},"modified":"2008-12-04T19:31:59","modified_gmt":"2008-12-04T17:31:59","slug":"via-studentische-unternehmensberatung-ev-dortmund","status":"publish","type":"page","link":"https:\/\/www.e-business-unternehmensberatung.com\/blog\/beratung-verzeichnis\/unternehmensberatungen\/unternehmensberatung-dortmund\/via-studentische-unternehmensberatung-ev-dortmund\/","title":{"rendered":"VIA &#8211; Studentische Unternehmensberatung e. V. Dortmund"},"content":{"rendered":"<p style=\"margin-bottom: 0cm;\" align=\"justify\">\n<p style=\"margin-bottom: 0cm;\" align=\"justify\"><span style=\"font-size: medium;\"><strong><\/strong><\/span><\/p>\n<p style=\"margin-bottom: 0cm;\" align=\"justify\"><span style=\"font-size: medium;\"><strong><a href=\"https:\/\/www.e-business-unternehmensberatung.com\/blog\/wp-content\/uploads\/2008\/12\/via-logo-mit-schriftzug-300-dpi.jpg\"><\/a><\/strong><\/span><\/p>\n<p style=\"margin-bottom: 0cm;\" align=\"justify\">\n<p style=\"margin-bottom: 0cm;\" align=\"justify\"><span style=\"font-size: medium;\"><strong><\/strong><\/span><\/p>\n<p style=\"margin-bottom: 0cm;\" align=\"justify\"><span style=\"font-size: medium;\"><strong><\/strong><\/span><\/p>\n<p style=\"margin-bottom: 0cm;\" align=\"justify\"><span style=\"font-size: medium;\"><strong><\/strong><\/span><\/p>\n<p style=\"margin-bottom: 0cm;\" align=\"justify\"><span style=\"font-size: medium;\"><strong><\/strong><\/span><\/p>\n<p style=\"margin-bottom: 0cm;\" align=\"justify\"><span style=\"font-size: medium;\"><strong><\/strong><\/span><\/p>\n<p style=\"margin-bottom: 0cm;\" align=\"justify\"><span style=\"font-size: medium;\"><strong><\/strong><\/span><\/p>\n<p style=\"margin-bottom: 0cm;\" align=\"justify\"><span style=\"font-size: medium;\"><strong><\/strong><\/span><\/p>\n<p style=\"margin-bottom: 0cm;\" align=\"justify\"><span style=\"font-size: medium;\"><strong><\/strong><\/span><\/p>\n<p style=\"margin-bottom: 0cm;\" align=\"justify\"><span style=\"font-size: medium;\"><strong><\/strong><\/span><\/p>\n<p style=\"margin-bottom: 0cm;\" align=\"justify\"><span style=\"font-size: medium;\"><strong><\/strong><\/span><\/p>\n<p style=\"margin-bottom: 0cm;\" align=\"justify\"><span style=\"font-size: medium;\"><strong><\/strong><\/span><\/p>\n<p style=\"margin-bottom: 0cm;\" align=\"justify\"><span style=\"font-size: medium;\"><strong><\/strong><\/span><\/p>\n<div><strong><\/strong><\/div>\n<p><a href=\"https:\/\/www.e-business-unternehmensberatung.com\/blog\/wp-content\/uploads\/2008\/12\/via-logo-mit-schriftzug-300-dpi.jpg\"><img loading=\"lazy\" decoding=\"async\" class=\"aligncenter size-medium wp-image-277\" title=\"via-logo-mit-schriftzug-300-dpi\" src=\"https:\/\/www.e-business-unternehmensberatung.com\/blog\/wp-content\/uploads\/2008\/12\/via-logo-mit-schriftzug-300-dpi-300x165.jpg\" alt=\"VIA Studentische Unternehmensberatung\" width=\"300\" height=\"165\" srcset=\"https:\/\/www.e-business-unternehmensberatung.com\/blog\/wp-content\/uploads\/2008\/12\/via-logo-mit-schriftzug-300-dpi-300x165.jpg 300w, https:\/\/www.e-business-unternehmensberatung.com\/blog\/wp-content\/uploads\/2008\/12\/via-logo-mit-schriftzug-300-dpi.jpg 536w\" sizes=\"auto, (max-width: 300px) 100vw, 300px\" \/><\/a><\/p>\n<p style=\"margin-bottom: 0cm;\" align=\"justify\">\n<div><strong><\/strong><\/div>\n<div><span style=\"font-size: medium;\"><span style=\"font-size: medium;\"><strong><\/strong><\/span><\/span><\/div>\n<div><span style=\"font-size: medium;\"><span style=\"font-size: medium;\"><strong><\/strong><\/span><\/span><\/div>\n<div><span style=\"font-size: medium;\"><span style=\"font-size: medium;\"><strong>Gemeinsam Ziele erreichen&#8230;<\/strong><\/span><\/span><\/div>\n<div>\n<\/div>\n<div>\n<\/div>\n<div>\n<\/div>\n<div>\n<\/div>\n<div>\n<\/div>\n<p><span style=\"font-size: medium;\"><strong><\/strong><\/span><\/p>\n<div><strong>Wer wir sind <\/strong><\/div>\n<div><span style=\"font-size: medium;\"> <\/span><\/div>\n<p><span style=\"font-size: medium;\"> <\/span><\/p>\n<p style=\"margin-bottom: 0cm;\" align=\"justify\">Unser Beraterpool besteht aus etwa 30 studentischen Unternehmensberatern der verschiedensten Fachbereiche. Seit unserer Gr\u00fcndung im Jahre 1992 begleiten, betreuen und beraten unsere Projektteams selbstst\u00e4ndig Unternehmen und Organisationen bei Entscheidungen des operativen sowie des strategischen Gesch\u00e4fts.<\/p>\n<p style=\"margin-bottom: 0cm;\" align=\"justify\">\n<p style=\"margin-bottom: 0cm;\" align=\"justify\"><strong>Wie wir arbeiten <\/strong><\/p>\n<p style=\"margin-bottom: 0cm; widows: 2; orphans: 2;\" lang=\"de-DE\"><span style=\"color: #000000;\">\u201e<span style=\"font-family: Calibri,sans-serif;\"><span style=\"font-size: small;\"><em>Qualit\u00e4t beginnt damit, die Zufriedenheit des Kunden in das Zentrum des Denkens zu stellen.\u201c <\/em><\/span><\/span><\/span><\/p>\n<p style=\"margin-bottom: 0cm;\" align=\"right\">(John F. Akers)<\/p>\n<p style=\"margin-bottom: 0cm;\" align=\"justify\">Durch das gelebte Qualit\u00e4tsmanagement entsteht Qualit\u00e4t bei uns durch jeden Einzelnen. Unsere Standards zu Ausbildung, Projektarbeit, Wissensmanagement und Organisation garantieren eine hochwertige Beratungsleistung und tragen somit zu Ihrer Zufriedenheit bei.<\/p>\n<p style=\"margin-bottom: 0cm;\" align=\"justify\">\n<p style=\"margin-bottom: 0cm;\" align=\"justify\"><strong>Unser Leistungsportfolio<\/strong><\/p>\n<p style=\"margin-bottom: 0cm;\" align=\"justify\">Unsere Unternehmensberater haben besonders f\u00fcr spezielle Problemstellungen immer ein offenes Ohr. Grunds\u00e4tzlich bieten wir Leistungen aus allen betriebswirtschaftlichen Bereichen und vielen angrenzenden Teilbereichen an. Dabei sind unserer Begeisterungsf\u00e4higkeit keine und dem Leistungsspektrum kaum Grenzen gesetzt. Sprechen Sie uns einfach an!<\/p>\n<p style=\"margin-bottom: 0cm;\">Unser Leistungsportfolio erstreckt sich dabei \u00fcber folgende Kompetenzen:<\/p>\n<ul>\n<li>\n<p style=\"margin-bottom: 0cm;\" align=\"justify\">Produktion &amp; Logistik: PPS, SCM, QM, Fabrik- und Lagerorganisation, KVP<\/p>\n<\/li>\n<li>\n<p style=\"margin-bottom: 0cm;\" align=\"justify\">IT &amp; IT-Sicherheit: Web-Sicherheit, Software-Programmierung, Datenbank-Systeme<\/p>\n<\/li>\n<li>\n<p style=\"margin-bottom: 0cm;\" align=\"justify\">Personal &amp; Organisation: Arbeitsplatzgestaltung, Hochschulmarketing, HR-Management<\/p>\n<\/li>\n<li>\n<p style=\"margin-bottom: 0cm;\" align=\"justify\">Kostenrechnung &amp; Controlling: Finanz- und Investitionsplanung, Kennzahlen-Systeme<\/p>\n<\/li>\n<li>\n<p style=\"margin-bottom: 0cm;\" align=\"justify\">Marketing: Markt- und Wettbewerbsanalysen, Marketing-Konzepte, Produkt-Marketing<\/p>\n<\/li>\n<li>\n<p style=\"margin-bottom: 0cm;\" align=\"justify\">Unternehmensf\u00fchrung &amp; Strategie: Benchmarking, Krisenmanagement, Strategiefindung<\/p>\n<\/li>\n<\/ul>\n<p style=\"margin-bottom: 0cm;\" align=\"justify\"><strong>Gute Gr\u00fcnde f\u00fcr VIA<\/strong><\/p>\n<ul>\n<li>\n<p style=\"margin-bottom: 0cm;\" align=\"justify\">Innovative Beratungsleistungen<\/p>\n<\/li>\n<li>\n<p style=\"margin-bottom: 0cm;\" align=\"justify\">Qualifizierte und interdisziplin\u00e4re Teams<\/p>\n<\/li>\n<li>\n<p style=\"margin-bottom: 0cm;\" align=\"justify\">Ideenreiche und individuelle L\u00f6sungen<\/p>\n<\/li>\n<li>\n<p style=\"margin-bottom: 0cm;\" align=\"justify\">Optimales Preis-Leistungs-Verh\u00e4ltnis<\/p>\n<\/li>\n<li>\n<p style=\"margin-bottom: 0cm;\" align=\"justify\">Umfassendes Qualit\u00e4tsmanagement<\/p>\n<\/li>\n<\/ul>\n<p style=\"margin-bottom: 0cm;\" align=\"justify\">\n<p style=\"margin-bottom: 0cm;\" align=\"justify\"><strong>Wie Sie uns erreichen<\/strong><\/p>\n<p style=\"margin-bottom: 0cm;\" align=\"justify\">Internet:<a href=\"http:\/\/www.via-ev.de\" target=\"_blank\"> <\/a><a href=\"http:\/\/www.via-ev.de\/\" target=\"_blank\">http:\/\/www.via-ev.de<\/a><\/p>\n<p style=\"margin-bottom: 0cm;\" align=\"justify\">E-Mail: <span style=\"color: #0000ff;\"><span style=\"text-decoration: underline;\"><a href=\"mailto:kunden@via-ev.de\">kunden@via-ev.de <\/a><\/span><\/span><\/p>\n<p style=\"margin-bottom: 0cm;\" align=\"justify\"><span lang=\"en-US\">Info<\/span><span lang=\"en-US\">-Flyer:<\/span><a href=\"http:\/\/www.via-ev.de\/images\/stories\/Presse\/Downloads\/infoflyer_unternehmen.pdf\"><span lang=\"en-US\">http:\/\/www.via-ev.de\/images\/stories\/Presse\/Downloads\/infoflyer_unternehmen.pdf<\/span><\/a><span lang=\"en-US\"> <\/span><\/p>\n<p style=\"margin-bottom: 0cm;\" lang=\"en-US\" align=\"justify\">\n","protected":false},"excerpt":{"rendered":"<p>Gemeinsam Ziele erreichen&#8230; Wer wir sind Unser Beraterpool besteht aus etwa 30 studentischen Unternehmensberatern der verschiedensten Fachbereiche. Seit unserer Gr\u00fcndung im Jahre 1992 begleiten, betreuen und beraten unsere Projektteams selbstst\u00e4ndig Unternehmen und Organisationen bei Entscheidungen des operativen sowie des strategischen Gesch\u00e4fts. Wie wir arbeiten \u201eQualit\u00e4t beginnt damit, die Zufriedenheit des Kunden in das Zentrum des [&hellip;]<\/p>\n","protected":false},"author":8,"featured_media":0,"parent":48,"menu_order":2,"comment_status":"open","ping_status":"open","template":"","meta":{"_monsterinsights_skip_tracking":false,"_monsterinsights_sitenote_active":false,"_monsterinsights_sitenote_note":"","_monsterinsights_sitenote_category":0,"footnotes":""},"class_list":["post-276","page","type-page","status-publish","hentry"],"aioseo_notices":[],"_links":{"self":[{"href":"https:\/\/www.e-business-unternehmensberatung.com\/blog\/wp-json\/wp\/v2\/pages\/276","targetHints":{"allow":["GET"]}}],"collection":[{"href":"https:\/\/www.e-business-unternehmensberatung.com\/blog\/wp-json\/wp\/v2\/pages"}],"about":[{"href":"https:\/\/www.e-business-unternehmensberatung.com\/blog\/wp-json\/wp\/v2\/types\/page"}],"author":[{"embeddable":true,"href":"https:\/\/www.e-business-unternehmensberatung.com\/blog\/wp-json\/wp\/v2\/users\/8"}],"replies":[{"embeddable":true,"href":"https:\/\/www.e-business-unternehmensberatung.com\/blog\/wp-json\/wp\/v2\/comments?post=276"}],"version-history":[{"count":0,"href":"https:\/\/www.e-business-unternehmensberatung.com\/blog\/wp-json\/wp\/v2\/pages\/276\/revisions"}],"up":[{"embeddable":true,"href":"https:\/\/www.e-business-unternehmensberatung.com\/blog\/wp-json\/wp\/v2\/pages\/48"}],"wp:attachment":[{"href":"https:\/\/www.e-business-unternehmensberatung.com\/blog\/wp-json\/wp\/v2\/media?parent=276"}],"curies":[{"name":"wp","href":"https:\/\/api.w.org\/{rel}","templated":true}]}}