{"id":30,"date":"2008-06-24T09:41:28","date_gmt":"2008-06-24T07:41:28","guid":{"rendered":"http:\/\/e-business-unternehmensberatung.com\/blog\/?page_id=30"},"modified":"2013-01-30T21:45:30","modified_gmt":"2013-01-30T19:45:30","slug":"unternehmensberatung-berlin","status":"publish","type":"page","link":"https:\/\/www.e-business-unternehmensberatung.com\/blog\/beratung-verzeichnis\/unternehmensberatungen\/unternehmensberatung-berlin\/","title":{"rendered":"Unternehmensberatung Berlin"},"content":{"rendered":"<h4>Consulting Informationen und Beratungsangebote der e-Business Unternehmensberatung und weiterer Unternehmensberater in Berlin<\/h4>\n<p><a href=\"https:\/\/www.e-business-unternehmensberatung.com\/blog\/wp-content\/uploads\/2008\/06\/Unternehmensberater-Berlin.png\"><img loading=\"lazy\" decoding=\"async\" class=\"alignright size-full wp-image-3288\" title=\"Unternehmensberater Berlin\" src=\"https:\/\/www.e-business-unternehmensberatung.com\/blog\/wp-content\/uploads\/2008\/06\/Unternehmensberater-Berlin.png\" alt=\"Unternehmensberater in Berlin\" width=\"77\" height=\"75\" \/><\/a><\/p>\n<p>Sie suchen nach den erfolgreichsten Wegen und Strategien um im Internet neue Kunden zu gewinnen? Sie m\u00f6chten mit Ihren bestehenden Kunden bessere Ergebnisse realisieren und innovative Marketingstrategien optimal in Ihr Gesch\u00e4ftskonzept integrieren? Die e-Business Unternehmensberatung zeigt Ihnen diese Wege und f\u00fchrt Sie zielsicher zum Erfolg. Von der Webseite oder dem Shopsystem, der Suchmaschinenoptimierung und Suchmaschinen- Internetmarketing bis zu den sozialen Netzwerken. Die e-Business Unternehmensberatung zeigt Ihnen wie es geht. Hier sehen Sie mehr zu unseren <a title=\"Unternehmensberater in Berlin\" href=\"https:\/\/www.e-business-unternehmensberatung.com\/blog\/unsere-beratungsleistungen\/\">Beratungsleistungen<\/a>. Wir freuen uns auf Ihren Anruf!<\/p>\n<p>.<\/p>\n<div id=\"attachment_1499\" style=\"width: 310px\" class=\"wp-caption alignleft\"><a href=\"https:\/\/www.e-business-unternehmensberatung.com\/blog\/wp-content\/uploads\/2008\/06\/Berlin-Unternehmensberatung.jpg\"><img loading=\"lazy\" decoding=\"async\" aria-describedby=\"caption-attachment-1499\" class=\"size-medium wp-image-1499\" title=\"Berlin Unternehmensberatungen\" src=\"https:\/\/www.e-business-unternehmensberatung.com\/blog\/wp-content\/uploads\/2008\/06\/Berlin-Unternehmensberatung-300x225.jpg\" alt=\"Berlin Unternehmensberatungen\" width=\"300\" height=\"225\" srcset=\"https:\/\/www.e-business-unternehmensberatung.com\/blog\/wp-content\/uploads\/2008\/06\/Berlin-Unternehmensberatung-300x225.jpg 300w, https:\/\/www.e-business-unternehmensberatung.com\/blog\/wp-content\/uploads\/2008\/06\/Berlin-Unternehmensberatung.jpg 400w\" sizes=\"auto, (max-width: 300px) 100vw, 300px\" \/><\/a><p id=\"caption-attachment-1499\" class=\"wp-caption-text\">Brandenburger Tor \u00a9 AKhodi Fotolia<\/p><\/div>\n<p>Berlin, Bundeshauptstadt und Regierungssitz der Bundesrepublik Deutschland. Kaum eine andere Stadt Deutschlands kann den Status einer Weltmetropole so f\u00fcr sich beanspruchen wie Berlin. Berlin ist lebendige Geschichte und Trendsetter f\u00fcr die Zukunft. Berlin ist international, weltoffen und Zentrum gesellschaftlichen Lebens. Anlaufpunkt f\u00fcr Unternehmen aus aller Welt, die in Deutschland aktiv sind oder aktiv werden wollen und somit auch Zentrum f\u00fcr Dienstleistungen aller Art. So haben alle international t\u00e4tigen Unternehmensberatungen hier ihre B\u00fcros und eine Viezahl kleinerer Unternehmensberater offerieren von Berlin aus ihr Spezialisten Know How. Trotz der Gr\u00f6\u00dfe Berlins, mit ca. 3,5 Millionen Einwohner die gr\u00f6\u00dfte Stadt Deutschlands, ist die Stadt durch die Ansammlung von Know How, Kapital und Kontakten ein Ort der kurzen Wege. Als Schmelztiegel von Kreativen, &#8222;Verr\u00fcckten&#8220; und erfahrenen Business People hat Berlin immer das Potential neue Trends zu setzen und tut dies auch. Deshalb ist Berlin auch ein bevorzugter Standort von Unternehmensgr\u00fcndern und derer, die gern dabei behilflich sind.<\/p>\n<p>Wenn Sie selbst Unternehmensberater in Berlin und Umgebung sind und als Netzwerkpartner der e-Business Unternehmensberatung eine eigene erfolgreiche Pr\u00e4sentationsseite \/ Verlinkung im Bereich Unternehmensberatung Berlin nutzen m\u00f6chten, lesen Sie bitte die Informationen auf unserer Seite <a title=\"Unternehmensberatung Partner  werden\" href=\"https:\/\/www.e-business-unternehmensberatung.com\/blog\/netzwerk-partner-werden\/\" target=\"_blank\">Netzwerkpartner werden<\/a>.<\/p>\n<p>Finden Sie hier weitere Ansprechpartner f\u00fcr ihre Region.<\/p>\n<p><a href=\"https:\/\/www.e-business-unternehmensberatung.com\/blog\/beratung-verzeichnis\/unternehmensberatungen\/unternehmensberatung-berlin\/unternehmensberatung-suchmaschinen-optimierung-internet-marketing-beratung-berlin\/\">e-Business Unternehmensberatung Berlin<\/a><\/p>\n<p><a href=\"https:\/\/www.e-business-unternehmensberatung.com\/blog\/beratung-verzeichnis\/unternehmensberatungen\/unternehmensberatung-berlin\/ihk-berlin\/\">IHK Berlin<\/a><\/p>\n<p><a href=\"https:\/\/www.e-business-unternehmensberatung.com\/blog\/beratung-verzeichnis\/unternehmensberatungen\/unternehmensberatung-berlin\/bcpro-ev-die-studentische-unternehmensberatung-der-htw-berlin\/\">BCPro e.V. &#8211; die studentische Unternehmensberatung der HTW Berlin<\/a><\/p>\n<p><a href=\"https:\/\/www.e-business-unternehmensberatung.com\/blog\/beratung-verzeichnis\/unternehmensberatungen\/unternehmensberatung-berlin\/politikfabrik-studentische-agentur-fuer-politische-kommunikation-berlin\/\">POLITIKFABRIK studentische Agentur f\u00fcr politische Kommunikation in Berlin<\/a><\/p>\n<p><a title=\"PR-Agentur Berlin Public Relations Oeffentlichkeitsarbeit\" href=\"https:\/\/www.e-business-unternehmensberatung.com\/blog\/beratung-verzeichnis\/unternehmensberatungen\/unternehmensberatung-berlin\/pr-agentur-berlin-public-relations-oeffentlichkeitsarbeit-mit-medienarbeiten-de\/\">PR-Agentur Berlin &#8211; Public Relations und \u00d6ffentlichkeitsarbeit<\/a><\/p>\n","protected":false},"excerpt":{"rendered":"<p>Consulting Informationen und Beratungsangebote der e-Business Unternehmensberatung und weiterer Unternehmensberater in Berlin Sie suchen nach den erfolgreichsten Wegen und Strategien um im Internet neue Kunden zu gewinnen? Sie m\u00f6chten mit Ihren bestehenden Kunden bessere Ergebnisse realisieren und innovative Marketingstrategien optimal in Ihr Gesch\u00e4ftskonzept integrieren? Die e-Business Unternehmensberatung zeigt Ihnen diese Wege und f\u00fchrt Sie zielsicher [&hellip;]<\/p>\n","protected":false},"author":1,"featured_media":0,"parent":23,"menu_order":4,"comment_status":"open","ping_status":"open","template":"","meta":{"_monsterinsights_skip_tracking":false,"_monsterinsights_sitenote_active":false,"_monsterinsights_sitenote_note":"","_monsterinsights_sitenote_category":0,"footnotes":""},"class_list":["post-30","page","type-page","status-publish","hentry"],"aioseo_notices":[],"_links":{"self":[{"href":"https:\/\/www.e-business-unternehmensberatung.com\/blog\/wp-json\/wp\/v2\/pages\/30","targetHints":{"allow":["GET"]}}],"collection":[{"href":"https:\/\/www.e-business-unternehmensberatung.com\/blog\/wp-json\/wp\/v2\/pages"}],"about":[{"href":"https:\/\/www.e-business-unternehmensberatung.com\/blog\/wp-json\/wp\/v2\/types\/page"}],"author":[{"embeddable":true,"href":"https:\/\/www.e-business-unternehmensberatung.com\/blog\/wp-json\/wp\/v2\/users\/1"}],"replies":[{"embeddable":true,"href":"https:\/\/www.e-business-unternehmensberatung.com\/blog\/wp-json\/wp\/v2\/comments?post=30"}],"version-history":[{"count":0,"href":"https:\/\/www.e-business-unternehmensberatung.com\/blog\/wp-json\/wp\/v2\/pages\/30\/revisions"}],"up":[{"embeddable":true,"href":"https:\/\/www.e-business-unternehmensberatung.com\/blog\/wp-json\/wp\/v2\/pages\/23"}],"wp:attachment":[{"href":"https:\/\/www.e-business-unternehmensberatung.com\/blog\/wp-json\/wp\/v2\/media?parent=30"}],"curies":[{"name":"wp","href":"https:\/\/api.w.org\/{rel}","templated":true}]}}