{"id":326,"date":"2009-02-08T13:32:17","date_gmt":"2009-02-08T11:32:17","guid":{"rendered":"http:\/\/www.e-business-unternehmensberatung.com\/blog\/?page_id=326"},"modified":"2011-03-02T20:43:31","modified_gmt":"2011-03-02T18:43:31","slug":"suchmaschinen-optimierung-webdesign-bremen","status":"publish","type":"page","link":"https:\/\/www.e-business-unternehmensberatung.com\/blog\/beratung-verzeichnis\/unternehmensberatungen\/unternehmensberatung-bremen\/suchmaschinen-optimierung-webdesign-bremen\/","title":{"rendered":"Suchmaschinen-Optimierung Webdesign Bremen"},"content":{"rendered":"<p><a href=\"https:\/\/www.e-business-unternehmensberatung.com\/blog\/wp-content\/uploads\/2009\/02\/Internetberatung-Webseitenoptimierung9.jpg\"><img loading=\"lazy\" decoding=\"async\" class=\"aligncenter size-full wp-image-1671\" title=\"Webdesign Bremen\" src=\"https:\/\/www.e-business-unternehmensberatung.com\/blog\/wp-content\/uploads\/2009\/02\/Internetberatung-Webseitenoptimierung9.jpg\" alt=\"Webdesign Bremen\" width=\"190\" height=\"120\" \/><\/a><\/p>\n<p>Die e-Business Unternehmensberatung.<\/p>\n<p>Jeder gro\u00dfe Internet-Erfolg basiert auf einer klaren Strategie in Kombination mit den besten technischen Grundlagen im Webdesign und der Webseiten-Optimierung f\u00fcr Menschen und Suchmaschinen. Dieses Know How der e-Business Unternehmensberatung k\u00f6nnen Sie als ganzheitliche Erfolgs-Beratung f\u00fcr ihre Unternehmenskommunikation im Internet nutzen. Mit unseren Strategien erreichen Sie neue Dimensionen in Besucherzahlen und Interessentenkontakten.<\/p>\n<p><a href=\"https:\/\/www.e-business-unternehmensberatung.com\/blog\/unsere-beratungsleistungen\/\">Hier sehen Sie unsere gesamten Beratungsleistungen<\/a><\/p>\n<p>Sprechen Sie uns einfach an:<\/p>\n<p>info(at)e-business-unternehmensberatung.com<\/p>\n","protected":false},"excerpt":{"rendered":"<p>Die e-Business Unternehmensberatung. Jeder gro\u00dfe Internet-Erfolg basiert auf einer klaren Strategie in Kombination mit den besten technischen Grundlagen im Webdesign und der Webseiten-Optimierung f\u00fcr Menschen und Suchmaschinen. Dieses Know How der e-Business Unternehmensberatung k\u00f6nnen Sie als ganzheitliche Erfolgs-Beratung f\u00fcr ihre Unternehmenskommunikation im Internet nutzen. Mit unseren Strategien erreichen Sie neue Dimensionen in Besucherzahlen und Interessentenkontakten. [&hellip;]<\/p>\n","protected":false},"author":8,"featured_media":0,"parent":43,"menu_order":0,"comment_status":"open","ping_status":"open","template":"","meta":{"_monsterinsights_skip_tracking":false,"_monsterinsights_sitenote_active":false,"_monsterinsights_sitenote_note":"","_monsterinsights_sitenote_category":0,"footnotes":""},"class_list":["post-326","page","type-page","status-publish","hentry"],"aioseo_notices":[],"_links":{"self":[{"href":"https:\/\/www.e-business-unternehmensberatung.com\/blog\/wp-json\/wp\/v2\/pages\/326","targetHints":{"allow":["GET"]}}],"collection":[{"href":"https:\/\/www.e-business-unternehmensberatung.com\/blog\/wp-json\/wp\/v2\/pages"}],"about":[{"href":"https:\/\/www.e-business-unternehmensberatung.com\/blog\/wp-json\/wp\/v2\/types\/page"}],"author":[{"embeddable":true,"href":"https:\/\/www.e-business-unternehmensberatung.com\/blog\/wp-json\/wp\/v2\/users\/8"}],"replies":[{"embeddable":true,"href":"https:\/\/www.e-business-unternehmensberatung.com\/blog\/wp-json\/wp\/v2\/comments?post=326"}],"version-history":[{"count":0,"href":"https:\/\/www.e-business-unternehmensberatung.com\/blog\/wp-json\/wp\/v2\/pages\/326\/revisions"}],"up":[{"embeddable":true,"href":"https:\/\/www.e-business-unternehmensberatung.com\/blog\/wp-json\/wp\/v2\/pages\/43"}],"wp:attachment":[{"href":"https:\/\/www.e-business-unternehmensberatung.com\/blog\/wp-json\/wp\/v2\/media?parent=326"}],"curies":[{"name":"wp","href":"https:\/\/api.w.org\/{rel}","templated":true}]}}