{"id":342,"date":"2009-02-18T00:02:33","date_gmt":"2009-02-17T22:02:33","guid":{"rendered":"http:\/\/www.e-business-unternehmensberatung.com\/blog\/?page_id=342"},"modified":"2024-10-15T07:59:04","modified_gmt":"2024-10-15T05:59:04","slug":"kontakt","status":"publish","type":"page","link":"https:\/\/www.e-business-unternehmensberatung.com\/blog\/kontakt\/","title":{"rendered":"Kontakt \/ AGB"},"content":{"rendered":"<p>e-Business Unternehmensberatung<\/p>\n<p>ein Angebot der porta HAUS GmbH<\/p>\n<p>Gesch\u00e4ftsf\u00fchrung: Dirk Boelsems<\/p>\n<p>H\u00e4verst\u00e4dter Weg 14<\/p>\n<p>32457 Porta Westfalica<br \/>\n.<\/p>\n<p>Tel. 0049 (0)571-9519960<\/p>\n<p>Fax.0049 (0)571-9519966<\/p>\n<p>info(at)e-business-unternehmensberatung.com<\/p>\n<p><a rel=\"me noopener\" href=\"http:\/\/www.xing.com\/profile\/Dirk_Boelsems\" onclick=\"javascript:pageTracker._trackPageview('\/outbound\/article\/www.xing.com');\" target=\"_blank\"><br \/>\n<img loading=\"lazy\" decoding=\"async\" src=\"http:\/\/www.xing.com\/img\/buttons\/3_de_btn.gif\" border=\"0\" alt=\"XING\" width=\"118\" height=\"23\"><\/p>\n<p><\/a><a rel=\"me noopener\" href=\"http:\/\/www.xing.com\/profile\/Dirk_Boelsems\" onclick=\"javascript:pageTracker._trackPageview('\/outbound\/article\/www.xing.com');\" target=\"_blank\">Unsere Allgemeinen Gesch\u00e4ftsbedingungen AGB k\u00f6nnen Sie&nbsp; <\/a><a title=\"AGB\" href=\"https:\/\/www.e-business-unternehmensberatung.com\/blog\/wp-content\/uploads\/2009\/02\/AGB-e-Businsess-Unternehmensberatung.pdf\" target=\"_blank\" rel=\"noopener\">HIER<\/a><\/p>\n<p>als pdf. Dokument lesen \/ downloaden<\/p>\n","protected":false},"excerpt":{"rendered":"<p>e-Business Unternehmensberatung ein Angebot der porta HAUS GmbH Gesch\u00e4ftsf\u00fchrung: Dirk Boelsems H\u00e4verst\u00e4dter Weg 14 32457 Porta Westfalica . Tel. 0049 (0)571-9519960 Fax.0049 (0)571-9519966 info(at)e-business-unternehmensberatung.com Unsere Allgemeinen Gesch\u00e4ftsbedingungen AGB k\u00f6nnen Sie&nbsp; HIER als pdf. Dokument lesen \/ downloaden<\/p>\n","protected":false},"author":8,"featured_media":0,"parent":0,"menu_order":5,"comment_status":"closed","ping_status":"open","template":"","meta":{"_monsterinsights_skip_tracking":false,"_monsterinsights_sitenote_active":false,"_monsterinsights_sitenote_note":"","_monsterinsights_sitenote_category":0,"footnotes":""},"class_list":["post-342","page","type-page","status-publish","hentry"],"aioseo_notices":[],"_links":{"self":[{"href":"https:\/\/www.e-business-unternehmensberatung.com\/blog\/wp-json\/wp\/v2\/pages\/342","targetHints":{"allow":["GET"]}}],"collection":[{"href":"https:\/\/www.e-business-unternehmensberatung.com\/blog\/wp-json\/wp\/v2\/pages"}],"about":[{"href":"https:\/\/www.e-business-unternehmensberatung.com\/blog\/wp-json\/wp\/v2\/types\/page"}],"author":[{"embeddable":true,"href":"https:\/\/www.e-business-unternehmensberatung.com\/blog\/wp-json\/wp\/v2\/users\/8"}],"replies":[{"embeddable":true,"href":"https:\/\/www.e-business-unternehmensberatung.com\/blog\/wp-json\/wp\/v2\/comments?post=342"}],"version-history":[{"count":2,"href":"https:\/\/www.e-business-unternehmensberatung.com\/blog\/wp-json\/wp\/v2\/pages\/342\/revisions"}],"predecessor-version":[{"id":4514,"href":"https:\/\/www.e-business-unternehmensberatung.com\/blog\/wp-json\/wp\/v2\/pages\/342\/revisions\/4514"}],"wp:attachment":[{"href":"https:\/\/www.e-business-unternehmensberatung.com\/blog\/wp-json\/wp\/v2\/media?parent=342"}],"curies":[{"name":"wp","href":"https:\/\/api.w.org\/{rel}","templated":true}]}}