{"id":348,"date":"2009-02-23T19:23:10","date_gmt":"2009-02-23T17:23:10","guid":{"rendered":"http:\/\/www.e-business-unternehmensberatung.com\/blog\/?page_id=348"},"modified":"2011-03-02T20:52:36","modified_gmt":"2011-03-02T18:52:36","slug":"webseiten-optimierung-internet-unternehmensberatung-hamburg","status":"publish","type":"page","link":"https:\/\/www.e-business-unternehmensberatung.com\/blog\/beratung-verzeichnis\/unternehmensberatungen\/unternehmensberatung-hamburg\/webseiten-optimierung-internet-unternehmensberatung-hamburg\/","title":{"rendered":"Webseiten-Optimierung Internet-Unternehmensberatung Hamburg"},"content":{"rendered":"<p><a href=\"https:\/\/www.e-business-unternehmensberatung.com\/blog\/wp-content\/uploads\/2009\/02\/Internetberatung-Webseitenoptimierung22.jpg\"><img loading=\"lazy\" decoding=\"async\" class=\"aligncenter size-full wp-image-1701\" title=\"Webseitenoptimierung Hamburg\" src=\"https:\/\/www.e-business-unternehmensberatung.com\/blog\/wp-content\/uploads\/2009\/02\/Internetberatung-Webseitenoptimierung22.jpg\" alt=\"Webseitenoptimierung Hamburg\" width=\"190\" height=\"120\" \/><\/a><\/p>\n<p>Die e-Business Unternehmensberatung.<\/p>\n<p>Die Internet-Beratung f\u00fcr ihr erfolgreiches Internet-Marketing. Von der Webseiten-Optimierung f\u00fcr Menschen und Suchmaschinen bis zur Entwicklung und Umsetzung innovativer Internet-Kommunikationsstrategien. Die e-Business Unternehmensberatung sorgt daf\u00fcr, das Sie im e-Business immer die Nase vorn behalten. Die Integration moderner Web 2.0 M\u00f6glichkeiten in die klassischen Marketing-Ideen und die laufende Betreuung von Promotionen und Internet-Werbema\u00dfnahmen sind unser Know How.<\/p>\n<p><a href=\"https:\/\/www.e-business-unternehmensberatung.com\/blog\/unsere-beratungsleistungen\/\">Hier sehen Sie unsere ganzen Beratungsleistungen.<\/a><\/p>\n<p>Sprechen Sie uns einfach an:<\/p>\n<p>info(at)e-business-unternehmensberatung.com<\/p>\n","protected":false},"excerpt":{"rendered":"<p>Die e-Business Unternehmensberatung. Die Internet-Beratung f\u00fcr ihr erfolgreiches Internet-Marketing. Von der Webseiten-Optimierung f\u00fcr Menschen und Suchmaschinen bis zur Entwicklung und Umsetzung innovativer Internet-Kommunikationsstrategien. Die e-Business Unternehmensberatung sorgt daf\u00fcr, das Sie im e-Business immer die Nase vorn behalten. Die Integration moderner Web 2.0 M\u00f6glichkeiten in die klassischen Marketing-Ideen und die laufende Betreuung von Promotionen und Internet-Werbema\u00dfnahmen [&hellip;]<\/p>\n","protected":false},"author":8,"featured_media":0,"parent":63,"menu_order":0,"comment_status":"closed","ping_status":"open","template":"","meta":{"_monsterinsights_skip_tracking":false,"_monsterinsights_sitenote_active":false,"_monsterinsights_sitenote_note":"","_monsterinsights_sitenote_category":0,"footnotes":""},"class_list":["post-348","page","type-page","status-publish","hentry"],"aioseo_notices":[],"_links":{"self":[{"href":"https:\/\/www.e-business-unternehmensberatung.com\/blog\/wp-json\/wp\/v2\/pages\/348","targetHints":{"allow":["GET"]}}],"collection":[{"href":"https:\/\/www.e-business-unternehmensberatung.com\/blog\/wp-json\/wp\/v2\/pages"}],"about":[{"href":"https:\/\/www.e-business-unternehmensberatung.com\/blog\/wp-json\/wp\/v2\/types\/page"}],"author":[{"embeddable":true,"href":"https:\/\/www.e-business-unternehmensberatung.com\/blog\/wp-json\/wp\/v2\/users\/8"}],"replies":[{"embeddable":true,"href":"https:\/\/www.e-business-unternehmensberatung.com\/blog\/wp-json\/wp\/v2\/comments?post=348"}],"version-history":[{"count":0,"href":"https:\/\/www.e-business-unternehmensberatung.com\/blog\/wp-json\/wp\/v2\/pages\/348\/revisions"}],"up":[{"embeddable":true,"href":"https:\/\/www.e-business-unternehmensberatung.com\/blog\/wp-json\/wp\/v2\/pages\/63"}],"wp:attachment":[{"href":"https:\/\/www.e-business-unternehmensberatung.com\/blog\/wp-json\/wp\/v2\/media?parent=348"}],"curies":[{"name":"wp","href":"https:\/\/api.w.org\/{rel}","templated":true}]}}